late the greatest common factor of 16594190 and 83.
83
What is the greatest common factor of 15 and 6549?
3
What is the greatest common divisor of 76878 and 96?
6
Calculate the greatest common divisor of 3475792 and 5979.
1993
Calculate the highest common divisor of 34401 and 66.
3
What is the highest common divisor of 1841499 and 2717?
209
What is the greatest common factor of 726 and 459921?
363
Calculate the highest common factor of 11037200 and 800.
400
Calculate the highest common factor of 222 and 1314129.
111
Calculate the highest common factor of 31 and 102889.
31
What is the highest common factor of 1746549 and 189?
189
What is the highest common factor of 1170432 and 8?
8
What is the greatest common divisor of 873 and 22795?
97
What is the highest common factor of 225 and 15255?
45
What is the greatest common factor of 16152 and 216?
24
Calculate the highest common factor of 37 and 2490211.
37
Calculate the highest common factor of 795 and 85595.
265
Calculate the highest common divisor of 76 and 146414.
38
Calculate the highest common divisor of 33 and 1314291.
33
What is the greatest common factor of 22195 and 55?
5
Calculate the highest common factor of 530 and 1879.
1
Calculate the greatest common divisor of 51 and 49181.
17
Calculate the highest common factor of 6 and 291.
3
What is the greatest common divisor of 320 and 402580?
20
Calculate the greatest common divisor of 1404 and 208.
52
What is the greatest common factor of 123 and 947469?
123
What is the greatest common factor of 577065 and 153?
51
Calculate the greatest common divisor of 1669 and 15.
1
What is the greatest common divisor of 3470 and 213058?
694
Calculate the highest common divisor of 3180 and 39.
3
Calculate the greatest common factor of 216 and 864.
216
Calculate the greatest common factor of 121 and 275.
11
What is the highest common divisor of 442 and 286?
26
Calculate the highest common divisor of 444520 and 10.
10
Calculate the greatest common divisor of 52593 and 518097.
1119
Calculate the highest common factor of 961 and 5425.
31
Calculate the highest common divisor of 288 and 905056.
32
What is the highest common divisor of 892 and 6494206?
446
Calculate the greatest common divisor of 176280 and 26.
26
What is the highest common divisor of 110 and 11968?
22
Calculate the greatest common factor of 2679 and 4089.
141
Calculate the greatest common factor of 896 and 332192.
224
Calculate the highest common divisor of 10856824 and 66.
22
Calculate the greatest common divisor of 26298 and 247396.
974
Calculate the highest common divisor of 717 and 125475.
717
Calculate the highest common divisor of 1255000 and 25.
25
What is the greatest common divisor of 208 and 715?
13
Calculate the greatest common divisor of 46 and 75233.
23
Calculate the highest common divisor of 128 and 22580.
4
Calculate the highest common divisor of 139292 and 12.
4
What is the highest common factor of 347 and 1180841?
347
What is the highest common factor of 2000 and 584?
8
Calculate the greatest common factor of 386 and 232372.
386
What is the greatest common divisor of 1495 and 5785?
65
Calculate the highest common factor of 149409 and 390.
39
What is the highest common factor of 28910 and 196?
98
What is the highest common factor of 2629 and 64052?
239
What is the highest common divisor of 44 and 311146?
22
What is the greatest common divisor of 122505 and 15?
15
Calculate the greatest common divisor of 1541 and 603.
67
What is the highest common divisor of 21886 and 2?
2
Calculate the highest common factor of 7133 and 77.
7
Calculate the highest common divisor of 4275 and 126369.
171
What is the highest common factor of 32 and 3102168?
8
What is the highest common factor of 7 and 72101?
1
What is the highest common factor of 83 and 570542?
83
Calculate the highest common factor of 36 and 396972.
36
What is the highest common factor of 5330 and 36868?
26
Calculate the greatest common factor of 1051719 and 141.
141
Calculate the greatest common divisor of 715 and 62309.
13
Calculate the greatest common divisor of 8260 and 48852.
236
Calculate the greatest common factor of 303728 and 1968.
656
Calculate the greatest common divisor of 618 and 2427.
3
What is the highest common factor of 175644 and 11781?
1071
Calculate the greatest common divisor of 765 and 2514.
3
Calculate the greatest common divisor of 151223 and 97.
97
What is the greatest common factor of 11485554 and 6?
6
What is the highest common divisor of 1321461 and 3672?
459
Calculate the greatest common divisor of 2046 and 8.
2
Calculate the greatest common divisor of 3360 and 450.
30
Calculate the greatest common factor of 688466 and 238.
34
Calculate the highest common factor of 358 and 72.
2
Calculate the greatest common factor of 375 and 192875.
125
What is the highest common factor of 40122 and 3096?
18
What is the greatest common divisor of 9810 and 630?
90
What is the greatest common divisor of 25886 and 9718?
86
Calculate the greatest common factor of 19021 and 23.
23
Calculate the highest common factor of 517728 and 24.
24
What is the highest common divisor of 3180 and 10?
10
What is the highest common divisor of 1471184 and 440?
88
Calculate the highest common divisor of 134 and 176143.
67
What is the highest common divisor of 11494 and 938?
14
Calculate the greatest common factor of 410 and 204590.
410
Calculate the greatest common divisor of 2359 and 364.
7
What is the greatest common factor of 921 and 295027?
307
Calculate the highest common factor of 5128 and 27256.
8
What is the greatest common factor of 576 and 79920?
144
Calculate the highest common divisor of 105 and 1291.
1
Calculate the highest common factor of 200 and 37944.
8
Calculate the highest common divisor of 420 and 25305.
105
Calculate the highest common divisor of 7856935 and 5.
5
What is the highest common factor of 40 and 16495?
5
What is the highest common divisor of 6564 and 132921?
1641
What is the highest common factor of 52250 and 425?
25
Calculate the highest common factor of 163283 and 3228.
269
Calculate the highest common factor of 515049 and 51.
51
What is the greatest common factor of 241941 and 168?
21
Calculate the greatest common divisor of 2401 and 67277.
49
What is the highest common divisor of 910741 and 1859?
169
What is the highest common factor of 99466 and 2050?
82
Calculate the highest common factor of 491510 and 50.
10
Calculate the greatest common factor of 984334 and 26.
26
What is the greatest common factor of 3100392 and 18?
18
Calculate the greatest common divisor of 72 and 13520.
8
Calculate the greatest common factor of 456 and 119976.
24
Calculate the greatest common factor of 7550 and 5550.
50
What is the highest common divisor of 105536 and 16296?
776
Calculate the highest common divisor of 2370 and 90070.
10
Calculate the greatest common factor of 36221 and 725.
29
What is the greatest common divisor of 14200 and 150?
50
What is the highest common factor of 3293408 and 16?
16
Calculate the highest common divisor of 2905 and 1645.
35
Calculate the greatest common divisor of 196945 and 476.
119
Calculate the greatest common divisor of 28866 and 45563.
283
Calculate the greatest common factor of 699 and 7223.
233
Calculate the highest common factor of 255 and 208029.
51
What is the greatest common divisor of 363 and 12474?
33
What is the greatest common divisor of 4140384 and 86?
86
Calculate the greatest common divisor of 218212 and 8.
4
Calculate the highest common factor of 114 and 5412.
6
What is the highest common factor of 166 and 4814?
166
Calculate the highest common factor of 804 and 1999012.
268
What is the greatest common divisor of 16 and 248592?
16
What is the highest common factor of 147 and 96873?
147
What is the highest common divisor of 21 and 65625?
21
What is the greatest common factor of 17935 and 117527?
211
What is the highest common divisor of 14 and 747327?
7
What is the greatest common divisor of 2397 and 663?
51
Calculate the greatest common divisor of 22 and 66418.
22
What is the highest common divisor of 4 and 119108?
4
What is the highest common divisor of 18 and 9513?
9
Calculate the greatest common divisor of 14624 and 544.
32
What is the highest common divisor of 17139 